 g - 135 + 1869. What is the greatest common divisor of g and 306?
102
Let v(a) = 14*a - 51. Let y(k) = 18*k - 51. Let p(f) = -5*v(f) + 4*y(f). Suppose 0 = -0*d - d. Let t be p(d). What is the greatest common factor of 34 and t?
17
Let i be -27*15*(-6)/27. Let d = 146 - i. What is the greatest common divisor of d and 28?
28
Suppose 0 = 5*b - 17*h + 21*h - 26628, -4*b = 3*h - 21301. What is the greatest common divisor of 570 and b?
190
Let x be -53 + (-2 - 0) + (-3)/3. Let a be (-24)/(-14) - ((-600)/x + -11). What is the greatest common factor of a and 5?
1
Let z(v) = 1499*v - 2589. Let u be z(3). What is the highest common divisor of u and 32?
4
Let x = -4 - -28. Let d = -236 - -240. Calculate the greatest common factor of d and x.
4
Let w = -15938 + 18791. What is the highest common divisor of w and 2219?
317
Suppose 103*u + 102 = 109*u. Suppose -4*j - 18 = -2*s, 5*j - 2 - 1 = s. What is the highest common factor of u and s?
17
Let m be ((-104)/7)/((-228)/13566). Calculate the highest common factor of m and 1292.
68
Suppose 112 = c + c. Let v be (-26 - -34) + (5/(-25)*0)/(-2). What is the highest common factor of v and c?
8
Suppose -21*o + 6*o + 49245 = 0. What is the greatest common divisor of o and 49?
49
Let q be ((-6692)/1434)/(2/(-57)). Let u = 168 + -92. What is the highest common divisor of q and u?
19
Let l(w) = -11*w + 3*w**2 - 6*w - 9*w + 9*w. Let m be l(6). Suppose 7*s = m*s + 55. Calculate the greatest common factor of s and 22.
11
Let g = -34 - -82. Let k(h) = 12*h**2 - 4*h - 11. Let q be k(-4). Let s = q + -77. Calculate the greatest common factor of s and g.
24
Let s be (5/(-2))/((0 + 5)/(-10)). Suppose -4*x - 6 = -s*x - n, -x = -2*n. Suppose x = 2*j - 40. What is the greatest common factor of 11 and j?
11
Let c(s) = -665*s**2 + 6*s + 2. Let j be c(-1). Let n = -489 - j. What is the greatest common factor of 100 and n?
20
Let r be 4/(-10) + 656/(-10). Let w(p) = 2*p**3 + 3*p**2 + 10*p + 11. Let f be w(-3). Let y = f - r. Calculate the highest common factor of y and 30.
10
Suppose 21 = -4*p - 31. Let f = p + 18. Suppose -f*g = -10*g + 4*z + 169, -2*g = -4*z - 70. Calculate the highest common factor of 3 and g.
3
Let h be 168/12 + 0/1. Let f be 14 - h - (-3 - 0). Suppose -l - 21 = -f*d, -5*d + 2 = -5*l - 43. What is the highest common factor of d and 6?
6
Suppose -33*p + 7 = -191. Suppose -p*q + 962 - 314 = 0. Calculate the highest common divisor of q and 12.
12
Suppose 721*k = 120*k + 1803. What is the highest common divisor of 7071 and k?
3
Let i(v) = 30*v + 122 + 4*v**2 + 130 + 2*v**2 - 4*v**2 - 98. Let u be i(-11). Calculate the greatest common factor of 33 and u.
33
Suppose -30*i - 129*i + 4745 + 4795 = 0. What is the greatest common divisor of i and 510?
30
Let s = -1063 - -1071. Let q(i) = i + 3. Let v be q(-2). Let k be (74/14 - v)/(s/224). What is the greatest common divisor of k and 24?
24
Let w be -4 - (22/143 - 2871/(-13)). Let a = w + 246. What is the greatest common divisor of 483 and a?
21
Let y(f) = -3*f + 94. Let x(k) = -2*k + 47. Let o(p) = -13*x(p) + 6*y(p). Let l be o(13). What is the highest common factor of 76 and l?
19
Suppose -4*z = -3*p + 3 + 5, 2*z = -2*p - 4. Let q(k) = 20*k**2 + 9*k. Let c be q(z). Let j = c + -27. Calculate the highest common factor of j and 14.
7
Let q(c) = 165*c - 1268. Let m be q(8). Let n(x) = -5*x - 5. Let y be n(-5). What is the highest common factor of y and m?
4
Let s = -85 - -31. Let g be -4*63/(-36) - 8*-7. Let a = s + g. Calculate the greatest common factor of 1 and a.
1
Let z = 272 - 267. Suppose -6 = -3*r, z*f - f - 54 = 3*r. Let s be 2/((-152)/(-75) + -2). What is the greatest common divisor of s and f?
15
Suppose -3*q - 1610 = 5*d - 2233, 966 = 5*q - 2*d. What is the greatest common factor of 2254 and q?
98
Let h be ((-600)/(-160) - 5)*((-184)/1)/1. Let d be -9 + 0*(-3)/(-9). Let s be (6/d)/((-2)/69). What is the highest common factor of h and s?
23
Let i(g) = -86*g - 2. Let u(r) = -r**3 + 2*r**2 + r - 4. Let w be u(2). Let a be i(w). Calculate the greatest common factor of 17 and a.
17
Suppose -3283 = 6*x + 1049. Let a be 13/((-273)/6)*(1 + x). What is the highest common divisor of a and 309?
103
Let a(s) = -3*s**2 + 165*s - 106. Let d be a(48). Let i = d - 898. What is the greatest common divisor of i and 4?
4
Let q = 1535 + 52. Calculate the highest common factor of q and 69.
69
Let h be 15*4468/24 - 8/(-16). What is the highest common factor of h and 14?
7
Let n(m) = 2*m**3 + 99*m**2 - 48*m + 790. Let c be n(-50). Calculate the greatest common divisor of c and 750.
30
Let y = -8680 + 9317. What is the highest common factor of y and 1666?
49
Let p = -3428 + 5193. Calculate the highest common factor of p and 25.
5
Let h = -221 - -101. Let s = 239 + h. Calculate the greatest common factor of 7 and s.
7
Let r(x) = x**2 - 9*x + 24. Let k be r(10). Let n(u) = -10*u + 20. Let f be n(-15). What is the highest common divisor of f and k?
34
Let x be (-66)/(-8) - 2 - 18/72. Suppose x*c + 476 = 10*c. Let f = c - 59. What is the highest common factor of f and 12?
12
Suppose 208*h - 211*h = 2*o - 881, -1327 = -3*o + h. Calculate the greatest common divisor of 104 and o.
26
Let x be 43/(-27 - -242) + (-444)/(-5). Calculate the greatest common factor of x and 712.
89
Let y be (-7)/(4*(-14)/224). What is the greatest common divisor of 2107 and y?
7
Let r(m) = -57*m + 89. Suppose 2 = 5*f + 7, 5*i - 4*f + 21 = 0. Let z be r(i). Calculate the greatest common factor of 34 and z.
34
Suppose 0 = -2*n - 3*x + 31, 0*n + 2*n = -x + 37. Suppose n*c - 80 = 19*c. Let h = c - 70. Calculate the highest common divisor of 4 and h.
2
Suppose -4*t + 10 = 5*n - 2*n, -t = 4*n - 9. Let a be (t - 1)/2*(-1)/2. Let r be 10 + 1 + 0 + a + 0. What is the highest common divisor of 121 and r?
11
Let a = 111 + -32. Let m be a*1 - 13/((-91)/(-28)). Calculate the greatest common factor of m and 15.
15
Let p be (-13)/((0 - -1)*-1). Let j = p - 8. Suppose 156 = 3*z - 68*k + 67*k, 2*k + 37 = z. What is the greatest common divisor of j and z?
5
Let a be 182 - (5/3)/(3/(-9)). Suppose -151 = -3*i - 49. What is the greatest common divisor of a and i?
17
Suppose -18*a - 17778 = -47*a + 5973. What is the greatest common factor of a and 2093?
91
Suppose 0*h + 2*h - 3*h + 12625 = 0. Calculate the highest common factor of 101 and h.
101
Suppose 47 + 49 = 4*k. Let d(l) = 64*l - 10. Let z be d(6). Suppose k*j = 7*j + z. Calculate the greatest common factor of 33 and j.
11
Let s(a) = -472*a - 1883. Let d be s(-4). Let i = 7 - 2. Suppose -5*l - 140 = -3*y, 2*l = i*y - 3*y - 92. What is the greatest common factor of d and y?
5
Let d(k) = k**2 + 19*k + 22. Let a be d(-20). Suppose -48*q = -46*q - a. Calculate the highest common factor of 168 and q.
21
Let b be ((-960)/50)/((-24)/540). What is the greatest common divisor of 304 and b?
16
Let l(b) = b**2 - 26*b - 6030. Let p be l(-66). Let h be (-12)/2*(-14)/6. What is the highest common factor of h and p?
14
Suppose -108*t - 18093 = -33417 - 74856. What is the greatest common divisor of t and 10?
5
Let y(c) = -4*c**2 - 78*c - 4. Let x be y(-16). What is the greatest common divisor of x and 4576?
44
Let p(q) = 1 + 5*q - 8 + 2. Let n be p(5). Let t = -1461 - -1561. Calculate the greatest common divisor of n and t.
20
Let p = 109 - 109. Let l be (66 + p - 0) + 80/20. What is the highest common divisor of 175 and l?
35
Let b(t) = -2*t**3 + 128*t**2 + 686*t + 330. Let s be b(69). Let f be (-2 + (-12)/(-5))*1125. What is the highest common divisor of f and s?
18
Suppose 4*u - 18 - 10 = 0. Suppose -178*c + 183*c = 55. Let d(a) = -18*a + 226. Let x be d(c). What is the greatest common divisor of x and u?
7
Let c(l) = -l**3 + 12*l**2 + l - 16. Let m be c(-9). Let s be 18/27 - m/(-6). Calculate the greatest common divisor of 14 and s.
14
Let j be -1 - 1 - 18/(-9). Suppose 2*d + i + 15 = -4*i, j = d + i + 3. Suppose d = -4*h + 14 + 142. Calculate the greatest common divisor of h and 78.
39
Let q(w) = 4*w + 12. Let t be q(-2). Suppose n - t = -0*n + 3*d, -4*n - 12 = 2*d. Let o be 1 - n*12/8. Calculate the highest common factor of 16 and o.
4
Suppose 5*y - 101 - 146 = x, 0 = -3*x - 2*y - 690. Let m = x + 234. Calculate the greatest common factor of 18 and m.
2
Let r(v) = 10*v + 32. Let i be